 5*z - 8, 0 = 4*z + 3*l - 5. Suppose z*v + 5 = 0, -5*v - 10 - 6 = -d. What is the remainder when 50 is divided by d?
6
Suppose -80 = -3*d - d. Suppose 3*c = -k - c + 131, 2*k - 3*c = 229. Let m = k - 81. Calculate the remainder when m is divided by d.
18
Let r = 31 + -41. Suppose -2*z + 3*t + 35 + 128 = 0, -3*z - 3*t + 267 = 0. Calculate the remainder when z is divided by (144/r)/(-6)*(-50)/(-4).
26
Let n be 3 + 12/(-4) - -6. Suppose -n = -8*c + 154. What is the remainder when 45 is divided by c?
5
Suppose u = -5*a + a + 6, 0 = -5*u - 4*a + 62. Suppose 5*b - 5 - 30 = 0. Calculate the remainder when u is divided by b.
0
What is the remainder when (-5)/1 + (264 - 72/8) is divided by 64?
58
Suppose 36*b - 24*b - 336 = 0. What is the remainder when 49 is divided by b?
21
Suppose -w - 4*b + 36 = -0*w, 2*w = -b + 51. Let z = 19 - 16. Calculate the remainder when w is divided by ((z - 0)*-3)/(-1).
6
Let b = -461 + 473. Suppose -2*m + 0*m + 190 = 0. What is the remainder when m is divided by b?
11
Suppose 3*d + 5*k - 1086 = 0, 1297 = 4*d + 3*k - 162. Calculate the remainder when d is divided by 41.
39
Suppose -5 = g - 41. Let b = -292 - -305. What is the remainder when g is divided by b?
10
Let v(q) = -q**3 + 7*q**2 + 10*q + 15. Let d be v(7). Let u = d + -65. What is the remainder when u is divided by 2?
0
Let r = 67 - 28. Let o = 58 - r. Suppose -5*l - 4*t + 198 + 77 = 0, l - 3*t = 55. Calculate the remainder when l is divided by o.
17
Let c = 2 - 5. Let q be ((-9)/c - 4) + 13. Suppose -q*f + 108 = -8*f. Calculate the remainder when f is divided by 10.
7
Let v = 176 + -98. Let o = v + -61. What is the remainder when 66 is divided by o?
15
Suppose -4*i - 2*r = -1342, r - 6*r = i - 340. Calculate the remainder when i is divided by 28.
27
What is the remainder when -324*-2*(-2)/(-12) is divided by 28?
24
Suppose -27*f + 1231 + 3575 = 0. What is the remainder when f is divided by 64?
50
Let h(l) = 0 + 7 + l**2 - 3 + 2*l. Suppose 0 = -5*w - 12 - 13. What is the remainder when 73 is divided by h(w)?
16
Let x(q) = -q + 1. Let i(z) = -4*z + 9. Let h(y) = -i(y) + 2*x(y). Let s = 60 - 51. What is the remainder when s is divided by h(6)?
4
Let l be (-2 - 0) + -4 + 3. Let i be l + (-2)/(-3)*24. Let k = i + -6. Calculate the remainder when k is divided by 4.
3
Suppose 22*z = 21*z + 52. What is the remainder when 88 is divided by z?
36
Suppose -49 + 214 = 15*q. What is the remainder when 20 is divided by q?
9
Suppose 0*x = 3*x - 597. Let b = x - 122. Suppose -5*k + 48 = -b. Calculate the remainder when k is divided by 13.
12
Let k(h) be the third derivative of -7*h**4/24 + 4*h**3/3 - 2*h**2. Let g(s) = -11*s - 47. Let y be g(-4). Calculate the remainder when 55 is divided by k(y).
26
Let c be -3 - -15*6/9. Suppose 9 = 10*o - c*o. What is the remainder when 18 is divided by 8/o*18/12?
2
Let x(t) = 3*t**3 - t**2 - 4*t + 3. Let r(b) = -64*b + 506. Calculate the remainder when r(7) is divided by x(2).
13
Calculate the remainder when 1124 is divided by 5 + 55/5 - -9.
24
Let p = -20 - -36. Let i = 27 - p. Suppose 15 - 58 = -2*q - 5*x, -2*q - 3*x + 41 = 0. Calculate the remainder when q is divided by i.
8
Let m(x) = x**3 - 7*x**2 - 18*x + 6. Calculate the remainder when 137 is divided by m(9).
5
Suppose -5*g + 145 = -5*q, -g = 4*q - 0*g + 106. Let n = 39 + q. What is the remainder when n is divided by 7?
5
Let m be ((-77)/2 - 0)/((-8)/48). Let q = m + -162. Calculate the remainder when q is divided by 10.
9
Let m be (-6)/(-12)*3*2. Suppose -2*l + 91 = -m*k + 4*k, -154 = -3*l - 5*k. Let t = -12 - -27. What is the remainder when l is divided by t?
13
Suppose -4 = -4*u, 5 = -3*z + 2*u - 3. What is the remainder when (z - (0 + -2))*1 + 98 is divided by 20?
18
Suppose 2*q + 0*q = -4*l + 100, 0 = q + l - 52. Calculate the remainder when q is divided by 28.
26
Let r = 20 + -11. Let k(m) be the third derivative of -m**6/120 - 7*m**5/60 - 7*m**4/24 - m**3/6 - 25*m**2. What is the remainder when r is divided by k(-6)?
4
Suppose -t = 13 - 88. Calculate the remainder when t is divided by 7.
5
Let j = 12 - 22. Let l be 519/27 + j/45. Let c = 10 + l. Calculate the remainder when c is divided by 16.
13
Suppose 0 = 2*n + 2*s + 8, s + 4*s - 43 = 4*n. Let o = 14 + n. What is the remainder when (-1247)/(-215) + 6/5 is divided by o?
0
Suppose -3*d + 2*f + 51 = 4*f, 0 = -4*d + 2*f + 54. Calculate the remainder when d is divided by 6.
3
Suppose 0 = 11*f - 91 - 85. Let n(z) = -z**3 + 16*z**2 + 5*z - 7. Calculate the remainder when n(f) is divided by 21.
10
Let b = 27 + -20. Let v(z) = -z**3 + 7*z**2 + 5*z - 17. What is the remainder when 86 is divided by v(b)?
14
Let l = 3 - -47. What is the remainder when l is divided by ((1 + -4)*-1)/((-39)/(-221))?
16
Let s(x) = 12*x + 1. Let q be s(-3). Suppose m = 2*m - 4, -4*v - 3*m - 44 = 0. Let z = v - q. Calculate the remainder when z is divided by 6.
3
Let r(l) = l + 1. Suppose -2*p = -3*p + 3*y + 75, -5*p = -4*y - 342. Calculate the remainder when p is divided by r(13).
10
Suppose -27*r + 137 = 2. Suppose 0 = -2*v + 5*o + 29, 10 = -4*o - 10. What is the remainder when r is divided by v?
1
Let g = 1 + 20. Let c(r) = r**3 - r**2 + 66. Let t be c(0). What is the remainder when g is divided by (-134)/(-11) + (-12)/t?
9
Calculate the remainder when 159 is divided by 116/6 - (-16)/24.
19
Suppose -7*d - 123 = 346. Let s = d - -96. What is the remainder when (-85)/4*(-8)/2 is divided by s?
27
Let c = -4 + 32. What is the remainder when 249 is divided by c?
25
Suppose -3 = -v - 0*v. Suppose 15 = -v*r, -4*t - r = -t - 73. Suppose 7 + 49 = 8*y. Calculate the remainder when t is divided by y.
5
Calculate the remainder when (-3)/(-2)*(6 - (1705/(-33) - 1)) is divided by (-2)/(-2)*-1*-23.
19
Suppose 0 = -11*i + 11 + 11. Let q = i - -18. What is the remainder when q is divided by 12?
8
Let s(t) be the second derivative of t**4/2 - t**3/3 + 3*t**2 - 43*t. What is the remainder when 49 is divided by s(2)?
23
Let x be (-8)/(-14)*(-7)/(-2). Suppose g + x*m = 5*m + 4, -m = 3*g + 8. Calculate the remainder when 49 is divided by 25/2*(0 - g).
24
Suppose 0 = -3*p + 2*p - 175. Let r = 247 + p. Suppose -11 = -2*f + 39. What is the remainder when r is divided by f?
22
Suppose -6*k + 358 = -38. Calculate the remainder when 147 is divided by k.
15
Let v = -61 + 60. Calculate the remainder when 24 is divided by (v*5/(-20))/(1/28).
3
Let q(o) = 57*o - 10. Let x be q(3). Let f = -73 + x. What is the remainder when f is divided by 24?
16
Suppose -q + 2*f + 50 = 24, 0 = 3*q + 5*f - 56. Calculate the remainder when 225 is divided by q.
5
Suppose -2*f - 4*o + 106 = 0, 2*f = 7*f - o - 232. Let j(k) = k**2 + 29*k + 24. Calculate the remainder when j(-35) is divided by f.
46
Suppose 583 = 5*d + 138. What is the remainder when d is divided by 32?
25
Let v be -49*5/(-2 + 7). Calculate the remainder when 370 is divided by (24/6 - v)*1.
52
What is the remainder when (-36)/54 + ((-994)/(-6) - 2) is divided by 55?
53
Let d be 2 + -26*(1 + -4). Suppose -7*g + 2*g = -d. Calculate the remainder when 29 is divided by g.
13
Let a be (0 + -3)/1 - -65. Let s = -41 + a. What is the remainder when s is divided by 12?
9
Suppose -30 = -3*n - 0*n + 3*z, -2*z = -5*n + 35. Suppose -i = -3*i. Suppose i = -n*t + t + 64. What is the remainder when 61 is divided by t?
13
Let u = 1 + 4. Suppose u*w - 26 = 5*f + 44, -4*f + 40 = 4*w. Calculate the remainder when 45 is divided by w.
9
Let d(l) = l**2 - l - 3. Let h be d(3). Suppose -5*t + 4*z = -47, -3*t - 3*z = -42 + h. What is the remainder when 31 is divided by t?
9
Let q(i) = -28*i. Calculate the remainder when q(-3) is divided by 5.
4
Suppose -2*z + 113 = y, 28*z = -5*y + 32*z + 551. Calculate the remainder when 317 is divided by y.
95
Let s(o) = 2*o - 16. Let p be s(8). Suppose -q + 3*a + 78 = -p*q, 4*q = -4*a + 264. What is the remainder when q is divided by 18?
15
Let s(q) = 156*q**3 + 3*q**2 + q - 4. What is the remainder when s(2) is divided by 97?
94
Suppose 0 = 5*u - 0 - 10. Suppose u*d - 55 + 11 = 0. What is the remainder when 86 is divided by d?
20
Let r(u) = u**3 - 61. Let z be r(0). What is the remainder when 71 is divided by (-10)/(-15) - z/3?
8
Let s be 24 + 1*8/(-4). Let q be ((-2)/3)/((-4)/(-78)). Let h = q + s. Calculate the remainder wh